
True
Is 1037741 a composite number?
False
Is 1452709 a composite number?
False
Is 16962443 a prime number?
True
Is 2208235 prime?
False
Is 932629 prime?
False
Is 191828291 composite?
True
Is 548617 a prime number?
False
Is 156725849 a prime number?
False
Is 4598623 a prime number?
True
Is 43390717 composite?
True
Is 1698059 a prime number?
False
Is 49229243 a composite number?
True
Is 3162961 prime?
False
Is 4164877 composite?
False
Is 38957 composite?
True
Is 129760973 prime?
False
Is 491133769 a composite number?
True
Is 3585059 a composite number?
True
Is 102572807 prime?
True
Is 3655643 composite?
True
Is 6909437 a composite number?
False
Is 28439 a prime number?
True
Is 14345609 a prime number?
True
Is 1805697397 composite?
True
Is 375926757 a composite number?
True
Is 42752903 prime?
True
Is 5190017 composite?
True
Is 198241 a prime number?
True
Is 1822679 prime?
False
Is 27052017 prime?
False
Is 59122823 a prime number?
True
Is 64951 a composite number?
False
Is 192119 composite?
True
Is 879580787 a prime number?
True
Is 11757419 composite?
False
Is 1831913 a prime number?
True
Is 133164271 a prime number?
False
Is 33188503 a composite number?
True
Is 649868881 a composite number?
True
Is 2677457 a composite number?
True
Is 2390033 a prime number?
True
Is 128451935 a composite number?
True
Is 64073717 composite?
False
Is 3143163 composite?
True
Is 758033 a composite number?
True
Is 228390443 a prime number?
False
Is 17579371 a composite number?
False
Is 325661 a prime number?
False
Is 2249069 composite?
False
Is 17680057 prime?
False
Is 8136259 composite?
False
Is 27529078 a prime number?
False
Is 925121491 a prime number?
False
Is 7121093 a composite number?
True
Is 12289493 prime?
True
Is 47189 prime?
True
Is 1160039 prime?
True
Is 31165033 composite?
True
Is 67451011 a prime number?
True
Is 2300905 a prime number?
False
Is 84057409 prime?
True
Is 575987 a composite number?
False
Is 480980173 prime?
True
Is 23636567 a prime number?
True
Is 1889009 a prime number?
True
Is 132408037 prime?
False
Is 92682463 a prime number?
False
Is 226803079 a prime number?
True
Is 32885117 a prime number?
True
Is 1018231 a composite number?
True
Is 10945823 a composite number?
True
Is 61166363 a composite number?
False
Is 2040163 a composite number?
True
Is 201305701 prime?
True
Is 4145079 a prime number?
False
Is 111898159 a composite number?
False
Is 6206831 a composite number?
True
Is 9521593 composite?
True
Is 889771 a prime number?
False
Is 45282943 prime?
True
Is 652467 composite?
True
Is 2439527 prime?
True
Is 16335377 composite?
False
Is 1373137 composite?
False
Is 61816303 composite?
False
Is 95557723 composite?
True
Is 56730383 a prime number?
True
Is 3238489 prime?
True
Is 23700445 a prime number?
False
Is 1133028251 a composite number?
True
Is 19311283 composite?
True
Is 9805681 a composite number?
True
Is 373138 a composite number?
True
Is 4125111 prime?
False
Is 139231357 a prime number?
True
Is 22209713 a composite number?
False
Is 7995217 a composite number?
True
Is 121568131 a composite number?
True
Is 31129517 a prime number?
True
Is 52346977 a prime number?
True
Is 35553909 a prime number?
False
Is 6489817 prime?
False
Is 2356733 prime?
False
Is 18855007 a prime number?
False
Is 70349869 prime?
True
Is 199009 composite?
True
Is 93277133 a prime number?
True
Is 86272003 composite?
True
Is 3119201 prime?
True
Is 1583249 composite?
False
Is 274408349 prime?
False
Is 726311 prime?
False
Is 9415771 a composite number?
False
Is 245386 a composite number?
True
Is 19447613 a composite number?
True
Is 193359437 composite?
False
Is 30684651 a composite number?
True
Is 27416447 a composite number?
True
Is 15560471 prime?
True
Is 188107 a composite number?
False
Is 121683829 a prime number?
True
Is 8619163 a prime number?
False
Is 100169789 prime?
False
Is 66542163 prime?
False
Is 52022967 a composite number?
True
Is 56979083 composite?
True
Is 812507 a prime number?
False
Is 33503573 a composite number?
False
Is 6573833 prime?
False
Is 84641593 a prime number?
True
Is 21650563 composite?
True
Is 10336843 a prime number?
False
Is 2600297 composite?
True
Is 46271803 composite?
False
Is 24929869 a prime number?
False
Is 388019 a composite number?
True
Is 8938495 prime?
False
Is 5362337 composite?
False
Is 28121453 prime?
True
Is 68531867 a prime number?
False
Is 47247323 composite?
True
Is 17348731 prime?
False
Is 7248667 prime?
True
Is 6017687 composite?
True
Is 508055 prime?
False
Is 74963377 composite?
False
Is 72883567 composite?
False
Is 128412973 a prime number?
False
Is 19485313 prime?
True
Is 2075277 prime?
False
Is 17652413 a composite number?
False
Is 178044187 a prime number?
True
Is 45553714 prime?
False
Is 11819474 composite?
True
Is 1595533 a prime number?
False
Is 8486099 a prime number?
False
Is 1607317 prime?
False
Is 1192495 prime?
False
Is 7549117 a prime number?
False
Is 158161 a composite number?
False
Is 1743853 a prime number?
False
Is 8464571 composite?
False
Is 3282391 prime?
False
Is 69624839 composite?
False
Is 7538849 a composite number?
False
Is 4100857 a prime number?
False
Is 2011571 a prime number?
False
Is 35564803 a prime number?
True
Is 1169249 composite?
False
Is 10613777 a composite number?
False
Is 133433159 a prime number?
True
Is 12356774 composite?
True
Is 71106878 a prime number?
False
Is 8817883 prime?
False
Is 2113129 a prime number?
True
Is 19989019 a composite number?
True
Is 116142973 a composite number?
False
Is 171894059 a composite number?
False
Is 62739683 a prime number?
True
Is 73559149 a composite number?
True
Is 171080953 composite?
False
Is 28560839 composite?
False
Is 18978161 a prime number?
True
Is 49839433 a prime number?
False
Is 10483657 composite?
False
Is 378315409 a prime number?
True
Is 1214783 prime?
False
Is 10541711 composite?
True
Is 20865833 a prime number?
False
Is 14226533 composite?
True
Is 43133243 a composite number?
True
Is 9074369 a composite number?
True
Is 9487619 a composite number?
False
Is 59956733 composite?
True
Is 84476561 a composite number?
True
Is 11810059 a composite number?
False
Is 52336429 prime?
False
Is 883513019 composite?
False
Is 43408093 a composite number?
False
Is 2800769 prime?
True
Is 316489 a prime number?
False
Is 49575743 prime?
False
Is 55224287 composite?
False
Is 952807 a prime number?
False
Is 7716271 composite?
False
Is 1042329209 composite?
False
Is 337629 a prime number?
False
Is 183077747 composite?
False
Is 13343257 composite?
False
Is 152273833 a composite number?
True
Is 34578317 prime?
True
Is 18013663 composite?
True
Is 22558 a prime number?
False
Is 93477691 a prime number?
True
Is 113609983 prime?
True
Is 123027539 prime?
False
Is 5445371 a composite number?
False
Is 60565363 composite?
False
Is 4610479 prime?
True
Is 14782007 a prime number?
False
Is 409041353 a prime number?
False
Is 18622807 prime?
False
Is 277104623 a prime number?
True
Is 20588669 a prime number?
True
Is 69048209 prime?
False
Is 621113 a composite number?
False
Is 99936701 prime?
True
Is 52808051 a composite number?
False
Is 240701 a composite number?
False
Is 14031419 composite?
False
Is 15427547 prime?
True
Is 63763295 composite?
True
Is 62448577 a prime number?
True
Is 45152489 a composite number?
False
Is 1399261 a composite number?
False
Is 494850481 a prime number?
True
Is 168736147 composite?
False
Is 139704053 composite?
True
Is 220009 a prime number?
True
Is 10839313 composite?
False
Is 8578821 prime?
False
Is 195689919 a composite number?
True
Is 1733089 composite?
True
Is 17550094 a composite number?
True
Is 14516149 composite?
False
Is 71287 prime?
True
Is 19114973 a composite number?
True
Is 472418 composite?
True
Is 30301457 a prime number?
True
Is 1882871 prime?
False
Is 16256483 composite?
False
Is 27867173 a composite number?
True
Is 27453014 a composite number?
True
Is 15623701 a prime number?
True
Is 221773 a composite number?
False
Is 7344437 prime?
False
Is 1626847 a prime number?
False
Is 37805611 a prime number?
False
Is 1490847 a prime number?
False
Is 6760249 prime?
True
Is 5572261 a prime number?
False
Is 101918065 a prime number?
False
Is 14097271 a composite number?
False
Is 224996591 a composite number?
True
Is 22642238 pr